4
Let x(h) = 4*h + 7. Determine x(-5).
-13
Let z(q) = -3*q + 3. Calculate z(5).
-12
Let d(y) = y**2 - 18*y + 71. Calculate d(10).
-9
Let i(z) = z**3 + 3*z**2 + 13*z + 17. What is i(-2)?
-5
Let p(l) = l**3 - 25*l**2 - 26*l + 10. Give p(26).
10
Let b(c) = -c**2 + 10*c + 17. What is b(0)?
17
Let j(x) = x**3 - 13*x**2 - 13*x + 10. Give j(14).
24
Let m(c) = -4*c - 1. Calculate m(-1).
3
Let y(t) = -10*t - 2. What is y(-2)?
18
Let m(y) = y + 20. Calculate m(-7).
13
Let b(t) = -t**3 + 14*t**2 - 35*t + 13. Calculate b(11).
-9
Let q(r) = -8*r**2 - 21*r - 11. Calculate q(-3).
-20
Let z(p) = 4*p**2 + 40*p - 44. Give z(-11).
0
Let w(p) = 7*p - 62. What is w(28)?
134
Let j(p) = -12*p + 340. What is j(26)?
28
Let w(z) = -z**2 + 18*z + 123. What is w(23)?
8
Let f(b) = b**3 + 5*b**2 - 6*b - 3. What is f(-5)?
27
Let d(w) = -w**3 + 6*w**2 + 18*w - 101. Determine d(4).
3
Let q(d) = 2*d + 1. Determine q(2).
5
Let g(q) = q**2 + 18*q + 29. Calculate g(-16).
-3
Let j(r) = r**3 - 5*r**2 + r + 3. Calculate j(4).
-9
Let a(s) = s**2 + 12*s + 11. What is a(-11)?
0
Let i(o) = 43*o**3 + 2*o + 2. Determine i(-1).
-43
Let b(d) = 8*d - 21. Give b(4).
11
Let d(p) = 68*p + 275. Calculate d(-4).
3
Let s(w) = -14*w - 84. What is s(-8)?
28
Let v(z) = z**3 - 3*z**2 - 6*z + 5. Determine v(3).
-13
Let q(n) = -6*n + 103. Determine q(14).
19
Let c(m) = -242*m + 1464. Give c(6).
12
Let c(b) = -7*b + 573. Determine c(82).
-1
Let i(l) = -6*l + 22. Give i(-6).
58
Let m(k) = -15*k**3 + k. Determine m(1).
-14
Let a(v) = -28*v - 310. Determine a(-11).
-2
Let f(w) = -4*w - 21. Calculate f(-7).
7
Let a(h) = 4*h + 7. What is a(-7)?
-21
Let x(r) = -r**3 - 5*r**2 - 2*r - 9. Determine x(-6).
39
Let i(y) = -y**2 - 4*y + 2. Give i(-3).
5
Let f(c) = -c**3 - 10*c**2 + 5*c - 11. Calculate f(-10).
-61
Let f(k) = k**3 - 10*k**2 + 12*k - 21. Give f(9).
6
Let q(o) = -4*o - 24. Calculate q(-6).
0
Let m(o) = -3*o - 48. Determine m(-6).
-30
Let m(o) = -o**3 - 25*o**2 + 3*o + 78. What is m(-25)?
3
Let r(l) = l**2 + 10. Give r(3).
19
Let m(p) = 3*p**2 - 7*p + 18. Give m(6).
84
Let r(o) = -11*o**2 + 32*o - 19. Give r(2).
1
Let m(c) = c + 6. What is m(-6)?
0
Let r(a) = 2*a**3 + 9*a**2 - 2*a - 12. Calculate r(-5).
-27
Let c(n) = 26*n**3 + 2*n**2 - 2*n - 2. Give c(-1).
-24
Let p(x) = x**2 + 18*x + 22. Give p(-16).
-10
Let x(o) = -o**3 + 9*o**2 - 7*o + 2. What is x(8)?
10
Let l(y) = -4*y**2 - 2*y - 6. Give l(3).
-48
Let q(l) = 18*l - 49. Determine q(3).
5
Let n(q) = -q**3 + 9*q**2 + 12*q - 14. Give n(10).
6
Let h(y) = -2*y**2 + 13*y - 12. Calculate h(5).
3
Let q(y) = 3*y**3 + 4*y**2 + 3*y. What is q(-2)?
-14
Let n(d) = -d**2 - 9*d - 17. Determine n(-7).
-3
Let a(f) = -19*f - 6. Give a(0).
-6
Let d(l) = -l**2 + 20*l - 32. Determine d(19).
-13
Let a(h) = h + 6. Calculate a(-17).
-11
Let j(x) = -81*x + 4. Calculate j(2).
-158
Let s(l) = -l**3 - 6*l**2 - 2*l - 12. Calculate s(-5).
-27
Let u(t) = 5*t + 10. What is u(-3)?
-5
Let y(z) = -3*z**2 - 61*z - 121. Determine y(-18).
5
Let h(s) = s**3 + 5*s**2 - 2*s - 7. Calculate h(-5).
3
Let k(y) = y**3 - y + 19. Give k(0).
19
Let n(r) = -3*r**3 + 3*r**2 - 3*r + 4. What is n(2)?
-14
Let m(u) = -u + 12. Give m(5).
7
Let j(f) = -17*f + 22. Calculate j(2).
-12
Let o(v) = v**3 - 46*v**2 - 50*v + 94. Give o(47).
-47
Let l(r) = r**3 - r**2 - 2*r - 2. Calculate l(-1).
-2
Let p(a) = -3*a - 49. Give p(-11).
-16
Let k(h) = -h**3 - 14*h**2 - 24*h - 21. Calculate k(-13).
122
Let q(i) = -2*i**2 + 7*i + 6. What is q(-5)?
-79
Let m(r) = 21*r + 1. Give m(2).
43
Let m(o) = -o**2 - 22*o + 166. What is m(-28)?
-2
Let x(b) = 2*b - 2. Calculate x(5).
8
Let d(m) = -11*m**3 + 2*m**2 + 6*m + 2. Calculate d(-2).
86
Let w(n) = n**2 + 6*n - 8. Determine w(-6).
-8
Let x(l) = -38*l**2 - l - 1. Calculate x(-1).
-38
Let f(z) = 2*z - 14. What is f(-20)?
-54
Let q(o) = -4*o**3 + 2*o**2 - 6*o - 6. Calculate q(-3).
138
Let c(i) = 2*i**2 - 14*i + 10. What is c(5)?
-10
Let h(p) = -44*p**3 + p**2 - p - 1. What is h(-1)?
45
Let r(n) = -n**3 + 4*n**2 + 11*n + 1. Determine r(6).
-5
Let x(d) = 5*d**3 + 3*d**2 + 9*d + 1. Determine x(-3).
-134
Let a(f) = f**3 - f + 1. Determine a(-2).
-5
Let c(t) = -t**3 - 39*t**2 + 35*t - 194. Calculate c(-40).
6
Let f(z) = -2*z**2 - 11*z + 43. What is f(-8)?
3
Let p(w) = 3*w + 22. Determine p(-11).
-11
Let x(z) = z**3 + 3*z**2 - 7*z - 15. Give x(-3).
6
Let l(h) = -h**3 - 2*h - 4. Calculate l(-2).
8
Let t(l) = l**2 + 22*l + 62. Calculate t(-19).
5
Let l(h) = -8*h**2 - h + 3. What is l(-3)?
-66
Let y(p) = -2*p**3 + 23*p**2 - 33*p + 27. Determine y(10).
-3
Let l(w) = 7*w + 137. What is l(-19)?
4
Let w(q) = -q**2 - 15*q + 16. Calculate w(-12).
52
Let w(u) = 4*u - 13. Give w(12).
35
Let h(b) = 9*b - 22. Calculate h(3).
5
Let m(d) = -d - 30. Give m(-6).
-24
Let r(i) = i - 14. What is r(-12)?
-26
Let o(v) = -2*v - 28. Determine o(-17).
6
Let j(r) = -r**3 - 21*r**2 - 10*r + 195. Give j(-20).
-5
Let y(a) = -a**2 - 66*a + 11. Give y(0).
11
Let u(g) = -g**2 + 6. What is u(0)?
6
Let t(u) = 4*u**2 + 11*u - 27. Determine t(2).
11
Let p(c) = c**3 + 8*c**2 + 37*c + 102. Determine p(-5).
-8
Let o(v) = v**2 - 16*v + 34. Determine o(15).
19
Let d(u) = u - 34. Determine d(15).
-19
Let w(x) = -x**3 - 15*x**2 - x + 15. Determine w(-15).
30
Let k(q) = -7*q - 127. Determine k(-19).
6
Let q(n) = n**3 - 14*n**2 + 8. Give q(14).
8
Let u(w) = w**2 - 6*w + 15. Give u(3).
6
Let v(k) = -k**3 + 3*k**2 - k. Give v(3).
-3
Let q(s) = 2*s - 30. Calculate q(17).
4
Let d(r) = r**3 + 9*r**2 + 19*r - 9. Give d(-7).
-44
Let w(c) = 2*c + 39. What is w(-16)?
7
Let f(w) = -3*w**2 + 33*w + 29. Give f(12).
-7
Let u(l) = -l**2 - 10*l - 10. Give u(-7).
11
Let s(i) = 9*i - 245. What is s(27)?
-2
Let u(t) = -t**2 + 18*t - 26. Give u(15).
19
Let b(l) = -l**3 + 13*l**2 + 21*l - 10. Determine b(14).
88
Let l(z) = -10*z - 1059. Give l(-106).
1
Let x(v) = 2*v**3 + 2*v**2 + v + 1. What is x(-2)?
-9
Let u(z) = 2*z**2 + 14*z. Calculate u(-7).
0
Let n(c) = c**3 + 8*c**2 + 7*c. What is n(-5)?
40
Let s(f) = f**2 - 15*f + 20. Calculate s(11).
-24
Let b(v) = 5*v - 1. What is b(-1)?
-6
Let n(k) = -k**2 + 5*k + 62. Determine n(11).
-4
Let z(p) = p**2 + 16*p + 17. Calculate z(-14).
-11
Let o(v) = -v + 14. Give o(8).
6
Let o(n) = -n**3 - 3*n**2 + 9*n. Give o(-4).
-20
Let x(t) = -55*t + 94. What is x(2)?
-16
Let q(l) = 10*l**3 - l**2 + 2*l + 4. Calculate q(-2).
-84
Let n(d) = d**3 - 15*d**2 + 47*d + 6. Calculate n(4).
18
Let b(t) = -2*t**3 + 12*t**2 + 4*t - 18. Calculate b(6).
6
Let x(t) = -t**2 + 9*t - 5. What is x(0)?
-5
Let f(n) = n**2 - 7*n + 3. Give f(6).
-3
Let c(r) = -r**3 - 5*r**2 - 3*r + 7. Determine c(-5).
22
Let q(z) = -z**3 - 25*z**2 - 28*z - 84. Determine q(-24).
12
Let d(w) = -110*w**2 + 1760*w + 2. Give d(16).
2
Let p(u) = u**3 + 2*u + 17. Calculate p(0).
17
Let t(a) = a - 53. Determine t(34).
-19
Let z(f) = 10*f + 140. What is z(-14)?
0
Let u(r) = r**2 + 14*r - 89. Give u(-19).
6
Let c(o) = o**2 + 4*o - 11. Determine c(-5).
-6
Let v(h) = -h**2 + 7*h + 5. What is v(4)?
17
Let r(z) = 2*z**3 - 18*z**2 + z - 204. Calculate r(10).
6
Let o(d) = -d**2 + 2*d + 17. Calculate o(6).
-7
Let b(h) = -h**3 - 10*h**2 - 8*h + 9. What is b(-8)?
-55
Let g(m) = -m**2 + 34*m - 59. Calculate g(31).
34
Let q(g) = -4*g + 36. Give q(6).
12
Let i(v) = 2*v**3 - 3*v**2 - 4*v - 1. Calculate i(-2).
-21
Let n(i) = i**3 + 9*i**2 + 6*i - 10. Give n(-8).
6
Let h(c) = c**2 + 29*c + 50. What is h(-27)?
-4
Let p(q) = -2*q + 11. Give p(12).
-13
Let g(z) = z**2 + 59*z - 75. Give g(-60).
-15
Let j(c) = -3*c - 4. Determine j(-8).
20
Let j(b) = b**2 - b - 23. What is j(0)?
-23
Let v(w) = w**3 - w**2 + w - 7. Give v(3).
14
Let k(f) = f**3 - 11*f**2 - 10*f - 17. Determine k(12).
7
Let r(m) = -m + 9. Give r(7).
2
Let m(x) = x**2 - x. What is m(-3)?
12
Let t(l) = -2*l**2 + 7. Calculate t(3).
-11
Let u(w) = w**3 - 9*w**2 - 4*w. Give u(9).
-36
Let g(q) = -q**3 - 4*q**2 + 10*q + 10. What is g(-6)?
22
Let s(p) = -p + 84. Determine s(0).
84
Let n(z) = -z**2 - 4*z - 2. Determine n(-2).
2
Let h(a) = 3*a + 28. What is h(-7)?
7
Let i(r) = 35*r - 531. What is i(15)?
-6
Let d(b) = 10*b - 139. Calculate d(14).
1
Let q(t) = -t**2 + 5*t - 6. Calculate q(5).
-6
Let v(t) = -t**2 - 5*t + 9. Give v(-7).
-5
Let q(a) = -a**2 + 4*a - 2. Calculate q(5).
-7
Let c(x) = 10*x - 20. What is c(8)?
60
Let n(